0563 prime?
False
Is 99484807 a composite number?
False
Is 2761133567 a prime number?
True
Is 3166409929 prime?
False
Is 162441126787 prime?
False
Is 4663494887 a composite number?
True
Is 38395531 a composite number?
False
Is 41142498373 composite?
False
Is 59570954759 prime?
False
Is 11950309003 a prime number?
True
Is 764052893 a prime number?
False
Is 824029969 prime?
False
Is 378139189 prime?
True
Is 6990454717 composite?
False
Is 4794716281 composite?
False
Is 35155707317 prime?
True
Is 412237013 a prime number?
False
Is 1627848203 composite?
True
Is 2201913529 a composite number?
False
Is 996976703 prime?
False
Is 446078693459 a prime number?
False
Is 2221435123 a composite number?
False
Is 73880888183 composite?
True
Is 16767232607 a prime number?
True
Is 538633547 composite?
True
Is 736505291 prime?
True
Is 11481606447 prime?
False
Is 45934909 a composite number?
False
Is 1003843433 composite?
True
Is 6826871981 a composite number?
True
Is 9121375871 prime?
True
Is 328048453 prime?
False
Is 10067668099 a composite number?
False
Is 230611385 a composite number?
True
Is 15400123793 a prime number?
True
Is 4615727629 composite?
True
Is 1449891823 prime?
True
Is 250698793 prime?
True
Is 736625333 a prime number?
True
Is 118855853 prime?
False
Is 248887013 a composite number?
False
Is 54863899715 prime?
False
Is 797761714499 a composite number?
False
Is 102055171 composite?
True
Is 8101413017 prime?
False
Is 50100373 a composite number?
False
Is 42970529 a prime number?
False
Is 814984123 composite?
True
Is 11285196379 composite?
False
Is 16998066637 prime?
True
Is 3097076791 a composite number?
True
Is 2146823597 prime?
False
Is 4155186991 a composite number?
True
Is 471800831 a prime number?
True
Is 16456834011 prime?
False
Is 1568064437 a composite number?
True
Is 5167473347 a prime number?
False
Is 6575852207 composite?
True
Is 967353421 composite?
False
Is 1541704387 a composite number?
True
Is 49193564803 composite?
False
Is 3286356691 composite?
False
Is 3943108913 prime?
False
Is 654096173 prime?
True
Is 182003661093 a composite number?
True
Is 1781380229 a composite number?
True
Is 19607701889 composite?
True
Is 112555447 a prime number?
False
Is 12919610657 a composite number?
False
Is 5381531641 prime?
True
Is 2496760549 a composite number?
True
Is 270623363 a composite number?
True
Is 2836976077 a composite number?
True
Is 27713203927 a composite number?
True
Is 71408633 a prime number?
True
Is 16684949791 a prime number?
False
Is 10115840957 composite?
True
Is 13291279593 composite?
True
Is 7482371333 a composite number?
False
Is 27224810321 composite?
True
Is 619914751 a composite number?
False
Is 11486272157 prime?
True
Is 30304091 composite?
False
Is 21448048169 a prime number?
True
Is 2334307307 composite?
False
Is 2108494759 a composite number?
True
Is 758741747 prime?
True
Is 4084791907 a composite number?
True
Is 5844902389 a composite number?
False
Is 471546247 composite?
True
Is 599925539 composite?
True
Is 30825781183 a prime number?
False
Is 21447362971 a prime number?
False
Is 5062004221 a prime number?
True
Is 2401001387 composite?
False
Is 408503527 prime?
False
Is 3154181753 composite?
True
Is 18344973301 prime?
True
Is 7351127933 a prime number?
True
Is 565269431 a composite number?
True
Is 58159217 prime?
True
Is 16634666467 a prime number?
False
Is 23419695543 prime?
False
Is 388650173 composite?
False
Is 4388744951 a prime number?
False
Is 80198427431 composite?
False
Is 176271541 composite?
True
Is 1958076907 composite?
True
Is 4138602569 a composite number?
True
Is 80696112683 a prime number?
False
Is 18707275549 a prime number?
True
Is 44653843919 a composite number?
True
Is 4619555201 composite?
False
Is 220015201 a composite number?
True
Is 352541411 prime?
False
Is 74199541553 prime?
False
Is 1246546073 a prime number?
True
Is 30770815681 composite?
False
Is 14309289977 prime?
True
Is 45959239771 prime?
False
Is 32375402131 prime?
True
Is 918164467 a prime number?
False
Is 545981081 prime?
False
Is 9211693073 composite?
True
Is 4600836655 composite?
True
Is 4955224751 a prime number?
False
Is 5595922 prime?
False
Is 8410486009 a composite number?
False
Is 178216648463 a prime number?
False
Is 1554681881 composite?
True
Is 4507188887 composite?
False
Is 27015880321 composite?
False
Is 67359374743 composite?
True
Is 51287837 a prime number?
False
Is 112010677969 a composite number?
True
Is 83911389143 a composite number?
True
Is 30009186737 composite?
True
Is 944287633 composite?
False
Is 328102031 a prime number?
True
Is 291746677 a prime number?
False
Is 160283131 prime?
True
Is 3073429937 a prime number?
True
Is 17393727749 a composite number?
True
Is 6209051581 prime?
False
Is 159167401149 prime?
False
Is 119786869 composite?
True
Is 252879587 a prime number?
False
Is 8653515223 a prime number?
False
Is 48227498791 a prime number?
True
Is 3741398393 a prime number?
False
Is 2770287631 a composite number?
True
Is 22680325793 composite?
False
Is 17921502611 composite?
False
Is 1535355559 prime?
True
Is 1837508861 a composite number?
False
Is 6878857829 prime?
True
Is 2624524153 a composite number?
True
Is 3254099417 prime?
True
Is 3559958002 composite?
True
Is 4463751889 a composite number?
True
Is 1031993491 a composite number?
True
Is 2572396487 a composite number?
True
Is 13415691617 prime?
True
Is 853188593 a composite number?
False
Is 4553927453 a prime number?
True
Is 2343967981 a composite number?
True
Is 5102758657 composite?
False
Is 99965501 a composite number?
True
Is 48559881 prime?
False
Is 5494996457 composite?
False
Is 440562911 prime?
False
Is 346806701 prime?
False
Is 7837584449 a prime number?
True
Is 175252813 a composite number?
True
Is 10106294581 a composite number?
True
Is 19761773069 prime?
False
Is 8154605623 prime?
True
Is 1644497377 prime?
False
Is 12538299751 a prime number?
True
Is 3326799499 prime?
True
Is 4963966243 prime?
False
Is 66481922269 a prime number?
False
Is 298955106407 a composite number?
False
Is 838275007 composite?
False
Is 4082464343 a composite number?
False
Is 1839845039 a composite number?
False
Is 3463014041 a composite number?
True
Is 100980961667 composite?
False
Is 1022914073 prime?
False
Is 1683056237 a prime number?
True
Is 676033658 a composite number?
True
Is 252938321 a composite number?
False
Is 3003473401 a composite number?
False
Is 1402078057 a prime number?
True
Is 449043571 composite?
False
Is 5338821991 a composite number?
False
Is 151675457 prime?
False
Is 16991489 composite?
True
Is 307829377 a prime number?
False
Is 21421255907 prime?
True
Is 3188715563 composite?
True
Is 59521642321 a composite number?
True
Is 11498538311 a prime number?
False
Is 11286897581 a composite number?
False
Is 14786575543 prime?
True
Is 493863427 composite?
False
Is 484526599 a prime number?
False
Is 73512841351 a composite number?
False
Is 665887253 a prime number?
False
Is 838078567 a composite number?
False
Is 273290341 a composite number?
True
Is 9824403569 a prime number?
False
Is 8271157597 prime?
False
Is 12909371 a prime number?
False
Is 894029873 composite?
True
Is 2582911559 prime?
True
Is 9557794547 composite?
True
Is 11979612163 a composite number?
False
Is 7767302369 prime?
True
Is 53204310701 a composite number?
True
Is 6853815497 prime?
True
Is 30762960809 a prime number?
False
Is 63953417065 composite?
True
Is 1817875819 a composite number?
True
Is 3603622603 prime?
False
Is 408793757 composite?
True
Is 40456127 composite?
True
Is 1068511219 composite?
True
Is 44110277 a composite number?
False
Is 22849992947 a composite number?
True
Is 1246217501 composite?
True
Is 15758048359 a composite number?
True
Is 1796696663 composite?
True
Is 4096278013 composite?
False
Is 877732033 prime?
False
Is 186176100361 prime?
False
Is 25205822823 prime?
False
Is 5846677233 a prime number?
False
Is 32192723267 composite?
False
Is 1933230437 a composite number?
True
Is 2764571299 prime?
False
Is 2040747389 a composite number?
False
Is 1501353146 a prime number?
False
Is 996975701 composite?
True
Is 90503286481 a prime number?
False
Is 544408897 a prime number?
True
Is 4451475991 a composite number?
False
Is 2496103697 a prime number?
True
Is 114396437731